 (-19)/(-4) - (-7)/28. Let z = n + 118. Suppose 3*k = -2*a - 2*k + 127, 0 = -2*a - k + z. What are the prime factors of a?
61
Let d = 1343 + -352. Suppose 3*u - d = 4*t, 0 = -5*u + 2*t - 7*t + 1640. What are the prime factors of u?
7, 47
Let n(v) be the third derivative of -v**4/4 - 10*v**3/3 + 8*v**2. What are the prime factors of n(-7)?
2, 11
Let t(d) = -d**2 - 27*d - 22. Suppose -3*f + 5*p = f + 113, 2*f + 24 = -4*p. List the prime factors of t(f).
2, 11
Let a(u) = -u**3 + 19*u**2 + 19*u + 28. Let b be a(20). Suppose 0 = -b*v + 7*v + 118. List the prime factors of v.
2, 59
Let q be (1/3)/(2/12). Let z(i) = -3*i + 12*i**q + 2*i + 7*i**2. What are the prime factors of z(1)?
2, 3
Suppose -3*y + 2 = -2*y. Suppose 5*f = y*f + 324. List the prime factors of f.
2, 3
Let w(h) be the second derivative of -h**5/20 + 5*h**4/6 + 2*h**3/3 - 17*h**2/2 + 3*h. List the prime factors of w(10).
23
Let f be (162/3)/((-8)/384). List the prime factors of f/(-22) + ((-14)/(-11))/7.
2, 59
Suppose -2*m - l + 5 = 2*m, 0 = -2*l + 10. Let y be (0 - (-6)/(-9))*-3. Let z = m + y. What are the prime factors of z?
2
Let h = -31 - -46. Suppose -3*g + 6 = -h. What are the prime factors of g?
7
Suppose 5*u + 4*m + 1233 = 9651, 5*u = 4*m + 8442. What are the prime factors of u?
2, 3, 281
Let x(f) = 4*f**2 - 18*f + 68. What are the prime factors of x(-9)?
2, 277
Let m(w) = -w**3 - 52*w**2 - 69*w + 151. What are the prime factors of m(-51)?
1069
Let x(k) = 5*k**2 - 43*k - 100. Let g(j) = 2*j**2 - 21*j - 50. Let q(f) = -7*g(f) + 3*x(f). List the prime factors of q(-21).
113
Let c be (-8)/(-2) + (5 + -273)/(-1). Let p = c - 193. What are the prime factors of p?
79
Let k(p) = 2*p - 27. Let u be k(20). Suppose 0 = -u*g - 347 + 2128. List the prime factors of g.
137
Let t(b) = -177*b - 221. List the prime factors of t(-6).
29
Suppose -2*w - 40 = -2*u, -5*u = 2*w + 9 + 45. Let i be 4*(1 - 42/3). Let p = w - i. What are the prime factors of p?
2, 3, 5
Let g(f) = -7*f**2 - 6*f + 11. Let z(v) = 15*v**2 + 12*v - 22. Let r(d) = -13*g(d) - 6*z(d). What are the prime factors of r(6)?
61
Suppose -4*q + 31 = 5*g - 0, 1 = -g. Let r = 6 + q. List the prime factors of -26*(2 + r/(-6)).
13
Let w(z) = -2*z**3 + 7*z**2 - 7*z + 8. List the prime factors of w(-10).
2, 3, 463
Suppose 0 = z - n - 1845, -3*z - 4*n = -3*n - 5539. What are the prime factors of z?
2, 13, 71
Let b = 2 + 53. Suppose 5*g = -r - 7, 8 = 2*r - 4*g - 6. Suppose 0*m + 5*m + 5*p = b, 0 = 5*m - r*p - 31. List the prime factors of m.
2
Suppose -31 = -7*y + 11. What are the prime factors of 2/y*16*21?
2, 7
Let l(j) be the first derivative of j**4/4 + 4*j**3/3 - 3*j**2 - 5*j - 36. Let y be 6/(-2)*(-4)/(-3). List the prime factors of l(y).
19
Let q = 587 + -133. List the prime factors of q.
2, 227
What are the prime factors of ((-36)/8 - -8)*6?
3, 7
Let x = -13 - -16. Let l(d) = -3*d - 2. Let v be l(x). Let b = v - -18. What are the prime factors of b?
7
Suppose 5*b + 6*b = 11242. What are the prime factors of b?
2, 7, 73
Suppose 4*c - 267 = 125. Let u = c - 47. List the prime factors of u.
3, 17
Suppose 2*i + 4*t + 64 = 4*i, 0 = i - t - 32. Let q = i + -17. List the prime factors of (-34)/3*q/(-10).
17
Let h(m) = -2*m + 25. Let b be h(11). Suppose 374 = 4*r - 5*j - 201, 3*r - 432 = b*j. List the prime factors of r.
5, 29
Suppose -325 + 10197 = 16*o. What are the prime factors of o?
617
Suppose 55*p - 3683 = 56212. List the prime factors of p.
3, 11
Suppose -10*s + 1233 + 1577 = 0. What are the prime factors of s?
281
Suppose 0 = 4*t + 2*t - 1398. What are the prime factors of t?
233
Suppose 41080 = 206*q - 154*q. List the prime factors of q.
2, 5, 79
Suppose m - 5*w - 147 = 0, -6*m = -4*m + 4*w - 224. What are the prime factors of m?
2, 61
What are the prime factors of 6/(108/(-14730))*6/(-5)?
2, 491
Suppose -28 = -5*a + u - 6, a + 3*u = -2. Suppose a*x = -2*b + 326, -4*b + 38 + 617 = 5*x. What are the prime factors of b?
3, 5, 11
Suppose -4*i - 29 + 45 = 0. Suppose -62 = -i*n + 138. What are the prime factors of n?
2, 5
Let s(c) = 796 - 2*c - c - 796. Let w be (-3)/12 - (-14)/(-8). List the prime factors of s(w).
2, 3
List the prime factors of (0 - (-654)/4)*(-111 + 113).
3, 109
Let h(g) = 47*g**2 + g + 36. List the prime factors of h(-5).
2, 3, 67
Let d = 725 - 285. What are the prime factors of d?
2, 5, 11
Suppose -2*j - 3*j + 555 = 0. What are the prime factors of j/(-12)*(-36)/3?
3, 37
Suppose 28*m = 18*m + 1720. List the prime factors of m.
2, 43
Suppose -44*q + u = -43*q - 1360, -2*u + 1357 = q. What are the prime factors of q?
3, 151
Let m(s) be the first derivative of s**2 + 3*s - 3. What are the prime factors of m(3)?
3
Suppose 17*d + 288 = 20*d. Suppose -d = -8*s + 312. List the prime factors of s.
3, 17
Let y be 1*21*1/3. Suppose y*u + 170 = 12*u. What are the prime factors of u?
2, 17
Let t be 2/2 + (-36)/(-12). Suppose m = -m, -18 = -3*u - t*m. What are the prime factors of 878/18 - u/(-27)?
7
Let k = 1925 - 1036. Suppose -k = -2*b - 5*b. What are the prime factors of b?
127
List the prime factors of 3/(6/72 - (-974)/(-11976)).
3, 499
Suppose -33 = 14*f - 25*f. Let u = 2 - 3. What are the prime factors of u/(3/(-99)*f)?
11
Let s = -3498 + 5006. List the prime factors of s.
2, 13, 29
Let b(a) = -123*a + 7. Let p(k) = 124*k - 8. Let l(y) = -5*b(y) - 4*p(y). What are the prime factors of l(1)?
2, 29
Suppose 2*k = -3*k - 2*g + 4336, -2*k = 4*g - 1744. List the prime factors of k.
2, 433
Let n(u) = -113*u - 103. What are the prime factors of n(-16)?
5, 11, 31
Let g be ((-8)/4)/(-6)*33. Let x(f) be the third derivative of f**4/12 + f**3/6 + 2*f**2. What are the prime factors of x(g)?
23
Let y be (-2)/(-6)*(-12)/(-4). Let f(a) = 28*a**3 - a**2. What are the prime factors of f(y)?
3
Let k = -5 - -16. Let g = k - -3. What are the prime factors of g?
2, 7
Let t = -61 - -64. Suppose -5*q + 137 - 702 = -t*d, q = -3*d + 589. What are the prime factors of d?
3, 5, 13
Let h(b) = 26*b**2 - 13*b - 16. What are the prime factors of h(-4)?
2, 113
Suppose -5*c = 5*i + 5, -3*i - 29 = -4*i + 5*c. Suppose 74 + 54 = i*g - 4*f, -2*g + 48 = 2*f. What are the prime factors of g?
2, 7
Suppose 0 = 3*r + 4 - 40. Let g = -35 + 32. Let i = r + g. What are the prime factors of i?
3
Suppose 0 = -5*p - 5 - 40. Let i be (-4 + (-28)/(-6))*p. Let m = 27 - i. What are the prime factors of m?
3, 11
Suppose 2*q - 4440 = -4*y, 5*q + 4786 = 5*y - 764. What are the prime factors of y?
2, 3, 5, 37
Let l(p) = -2*p**2 - 4*p - 11. Let z be l(-4). Let i = z - -36. Let s(x) = x**2 - 4*x - 12. What are the prime factors of s(i)?
3, 11
Let r be (-2)/8 - (-5358)/24. Suppose 42*a + r = 43*a. List the prime factors of a.
223
Let j(q) = q**2 + 9*q + 6. Let c be j(-8). Let w be ((-3)/c)/(1/4). Suppose 10*l - 7*l = w. What are the prime factors of l?
2
Let s be (-3)/6*(-3 - -4)*-8. Suppose 3*b - 204 = s*q + 455, 0 = b - 3*q - 223. List the prime factors of b.
7, 31
Suppose 0 = 595*o - 600*o + 4900. What are the prime factors of o?
2, 5, 7
Suppose -5*h + 10 = -0. Let f be (-3)/(-6) - (-115)/h. Let r = -3 + f. List the prime factors of r.
5, 11
Let g(k) = 2*k**3 + 4*k**2 + 4*k - 5. Let q be g(5). Let v = q - 246. List the prime factors of v.
7, 17
Let w(q) = -q**3 + 5*q**2 - q - 5. Let h be w(4). Let m(g) = 1 + 3*g**3 - g - h + 10*g**2 - 2*g**3 - 4*g**2. List the prime factors of m(-5).
2, 3
Let u(j) = 7*j**2 + 7 + j**3 - 5*j**2 - 10*j**2 + 2*j. List the prime factors of u(8).
23
Let i(q) = 45*q - 34. List the prime factors of i(3).
101
Suppose -5*f - 5*w + 6*w - 1317 = 0, 1065 = -4*f - 3*w. Let h = 478 + f. List the prime factors of h.
2, 107
Let z(u) = 2*u**2 - 3*u - 15. Let m be z(4). What are the prime factors of (((-378)/m)/(-1))/((-36)/(-120))?
2, 3, 7
Suppose 12*v = 1983 + 2793. What are the prime factors of v?
2, 199
Let y = -18 + 10. Let m be 1 - (-4)/8*y. List the prime factors of (315/(-30))/(m/10).
5, 7
Suppose 6*u - 3*u + 2*q - 658 = 0, -u + 4*q + 238 = 0. What are the prime factors of u?
2, 3, 37
List the prime factors of 72/(-60) - (-48468)/15.
2, 5, 17, 19
Let h be (-1)/(-1)*(-4 + -5). What are the prime factors of h/3*(-612)/27?
2, 17
Let x = -20 - -19. What are the prime factors of ((-93)/(-12))/(x/(-8))?
2, 31
Let g = 1187 - 671. What are the prime factors